vided by 117.
113
Calculate the remainder when 585100 is divided by 43.
42
What is the remainder when 7145 is divided by 3460?
225
What is the remainder when 772 is divided by 110?
2
What is the remainder when 10723 is divided by 973?
20
Calculate the remainder when 193340 is divided by 1007.
1003
What is the remainder when 225285 is divided by 112639?
7
Calculate the remainder when 8802 is divided by 449.
271
What is the remainder when 293014 is divided by 30?
4
Calculate the remainder when 3116 is divided by 161.
57
Calculate the remainder when 51870 is divided by 12.
6
Calculate the remainder when 4052 is divided by 818.
780
What is the remainder when 97567 is divided by 9?
7
Calculate the remainder when 38358 is divided by 89.
88
Calculate the remainder when 320954 is divided by 3.
2
What is the remainder when 11167 is divided by 466?
449
What is the remainder when 1887 is divided by 292?
135
What is the remainder when 1315 is divided by 59?
17
What is the remainder when 3007871 is divided by 14?
13
Calculate the remainder when 107388 is divided by 64.
60
What is the remainder when 831282 is divided by 35?
32
Calculate the remainder when 10090 is divided by 630.
10
Calculate the remainder when 18703 is divided by 208.
191
What is the remainder when 8852 is divided by 1764?
32
What is the remainder when 15095 is divided by 6?
5
Calculate the remainder when 5350 is divided by 2666.
18
Calculate the remainder when 434643 is divided by 28.
27
Calculate the remainder when 233574 is divided by 679.
677
Calculate the remainder when 239 is divided by 21.
8
What is the remainder when 35837 is divided by 87?
80
What is the remainder when 2507 is divided by 249?
17
Calculate the remainder when 9419723 is divided by 241.
238
Calculate the remainder when 80012 is divided by 9997.
36
Calculate the remainder when 233164 is divided by 306.
298
What is the remainder when 1339 is divided by 210?
79
What is the remainder when 368 is divided by 64?
48
Calculate the remainder when 278452 is divided by 10.
2
Calculate the remainder when 9166 is divided by 37.
27
Calculate the remainder when 292664 is divided by 146327.
10
Calculate the remainder when 107952 is divided by 21590.
2
What is the remainder when 27566 is divided by 2503?
33
What is the remainder when 253222 is divided by 126610?
2
Calculate the remainder when 54954 is divided by 21.
18
Calculate the remainder when 108363 is divided by 622.
135
Calculate the remainder when 4057943 is divided by 66.
65
What is the remainder when 5445 is divided by 116?
109
What is the remainder when 21034 is divided by 1317?
1279
What is the remainder when 28813 is divided by 255?
253
Calculate the remainder when 50620 is divided by 295.
175
Calculate the remainder when 74313 is divided by 24769.
6
What is the remainder when 14125 is divided by 1418?
1363
What is the remainder when 32910 is divided by 39?
33
What is the remainder when 40665 is divided by 658?
527
Calculate the remainder when 105623 is divided by 326.
325
What is the remainder when 2083 is divided by 1686?
397
Calculate the remainder when 2045566 is divided by 14.
12
What is the remainder when 675 is divided by 22?
15
Calculate the remainder when 19006 is divided by 144.
142
What is the remainder when 75385 is divided by 3589?
16
What is the remainder when 14959 is divided by 1869?
7
What is the remainder when 288267 is divided by 2?
1
What is the remainder when 2439540 is divided by 813180?
0
Calculate the remainder when 1776 is divided by 89.
85
What is the remainder when 3376 is divided by 614?
306
Calculate the remainder when 4593 is divided by 209.
204
Calculate the remainder when 163214 is divided by 306.
116
What is the remainder when 27552 is divided by 1201?
1130
Calculate the remainder when 3248 is divided by 1587.
74
Calculate the remainder when 37210 is divided by 2832.
394
Calculate the remainder when 311177 is divided by 11.
9
Calculate the remainder when 1265 is divided by 234.
95
What is the remainder when 342911 is divided by 47?
46
Calculate the remainder when 176384 is divided by 44095.
4
What is the remainder when 3006358 is divided by 840?
838
Calculate the remainder when 2468068 is divided by 27.
25
What is the remainder when 66157 is divided by 894?
1
Calculate the remainder when 1710 is divided by 1656.
54
What is the remainder when 845 is divided by 476?
369
Calculate the remainder when 2818 is divided by 285.
253
What is the remainder when 124472 is divided by 17778?
26
What is the remainder when 10310 is divided by 27?
23
What is the remainder when 12857 is divided by 16?
9
What is the remainder when 17062 is divided by 54?
52
What is the remainder when 117650 is divided by 7843?
5
What is the remainder when 37715 is divided by 131?
118
Calculate the remainder when 22189 is divided by 7323.
220
Calculate the remainder when 242346 is divided by 153.
147
What is the remainder when 38214 is divided by 34?
32
Calculate the remainder when 55208 is divided by 55165.
43
Calculate the remainder when 454858 is divided by 1805.
1803
Calculate the remainder when 27379 is divided by 279.
37
What is the remainder when 1987 is divided by 1158?
829
Calculate the remainder when 119 is divided by 10.
9
What is the remainder when 6448418 is divided by 11?
9
Calculate the remainder when 93929 is divided by 5.
4
What is the remainder when 18120 is divided by 9049?
22
Calculate the remainder when 866558 is divided by 152.
6
Calculate the remainder when 5488 is divided by 341.
32
What is the remainder when 171546 is divided by 486?
474
Calculate the remainder when 11121 is divided by 127.
72
What is the remainder when 263063 is divided by 395?
388
Calculate the remainder when 15585 is divided by 7763.
59
What is the remainder when 8055 is divided by 1586?
125
Calculate the remainder when 2388 is divided by 735.
183
What is the remainder when 55877 is divided by 360?
77
What is the remainder when 106737 is divided by 166?
165
Calculate the remainder when 1119 is divided by 85.
14
What is the remainder when 3524 is divided by 68?
56
What is the remainder when 282813 is divided by 130?
63
Calculate the remainder when 140206 is divided by 92.
90
Calculate the remainder when 4022 is divided by 1003.
10
Calculate the remainder when 15614 is divided by 90.
44
What is the remainder when 260811 is divided by 7?
5
Calculate the remainder when 883 is divided by 158.
93
Calculate the remainder when 69547 is divided by 1220.
7
Calculate the remainder when 277551 is divided by 37.
14
Calculate the remainder when 118 is divided by 48.
22
Calculate the remainder when 130307 is divided by 430.
17
Calculate the remainder when 43872 is divided by 23.
11
What is the remainder when 2899 is divided by 1015?
869
What is the remainder when 230417 is divided by 267?
263
What is the remainder when 643 is divided by 148?
51
Calculate the remainder when 117998 is divided by 277.
273
Calculate the remainder when 2172 is divided by 160.
92
What is the remainder when 67796 is divided by 29?
23
Calculate the remainder when 40977 is divided by 25.
2
Calculate the remainder when 1199 is divided by 328.
215
What is the remainder when 2022515 is divided by 22?
11
Calculate the remainder when 63846 is divided by 21225.
171
Calculate the remainder when 20554 is divided by 4108.
14
What is the remainder when 81532 is divided by 20373?
40
What is the remainder when 3537 is divided by 136?
1
Calculate the remainder when 18141 is divided by 144.
141
Calculate the remainder when 2244 is divided by 78.
60
What is the remainder when 5835 is divided by 177?
171
Calculate the remainder when 49816 is divided by 123.
1
What is the remainder when 1051 is divided by 519?
13
Calculate the remainder when 3141 is divided by 54.
9
Calculate the remainder when 6614 is divided by 1040.
374
What is the remainder when 548887 is divided by 948?
943
What is the remainder when 27328 is divided by 13588?
152
Calculate the remainder when 187316 is divided by 93631.
54
What is the remainder when 28124 is divided by 151?
38
Calculate the remainder when 4224 is divided by 2109.
6
Calculate the remainder when 11480 is divided by 9.
5
Calculate the remainder when 23272 is divided by 20.
12
Calculate the remaind